{"id":229733,"date":"2023-06-05T17:06:45","date_gmt":"2023-06-05T22:06:45","guid":{"rendered":"https:\/\/www.funhogar.org\/?page_id=229733"},"modified":"2023-06-05T17:14:03","modified_gmt":"2023-06-05T22:14:03","slug":"regimen2022","status":"publish","type":"page","link":"https:\/\/www.funhogar.org\/index.php\/regimen2022\/","title":{"rendered":"Regimen2022"},"content":{"rendered":"<p>[et_pb_section fb_built=&#8221;1&#8243; _builder_version=&#8221;4.21.0&#8243; _module_preset=&#8221;default&#8221; global_colors_info=&#8221;{}&#8221;][et_pb_row _builder_version=&#8221;4.21.0&#8243; _module_preset=&#8221;default&#8221; global_colors_info=&#8221;{}&#8221;][et_pb_column type=&#8221;4_4&#8243; _builder_version=&#8221;4.21.0&#8243; _module_preset=&#8221;default&#8221; global_colors_info=&#8221;{}&#8221;][et_pb_text _builder_version=&#8221;4.21.0&#8243; _module_preset=&#8221;default&#8221; text_orientation=&#8221;center&#8221; hover_enabled=&#8221;0&#8243; global_colors_info=&#8221;{}&#8221; sticky_enabled=&#8221;0&#8243;]<\/p>\n<h1>Regimen Tributario Especial 2022<\/h1>\n<p>Aqui podr\u00e1 ver todos los documentos correspondientes seg\u00fan lo estipula la ley<\/p>\n<p>[\/et_pb_text][\/et_pb_column][\/et_pb_row][et_pb_row column_structure=&#8221;1_4,1_4,1_4,1_4&#8243; _builder_version=&#8221;4.21.0&#8243; _module_preset=&#8221;default&#8221; hover_enabled=&#8221;0&#8243; global_colors_info=&#8221;{}&#8221; sticky_enabled=&#8221;0&#8243;][et_pb_column type=&#8221;1_4&#8243; _builder_version=&#8221;4.21.0&#8243; _module_preset=&#8221;default&#8221; hover_enabled=&#8221;0&#8243; border_radii=&#8221;on|10px|10px|10px|10px&#8221; border_width_all=&#8221;2px&#8221; border_color_all=&#8221;#000000&#8243; global_colors_info=&#8221;{}&#8221; link_option_url=&#8221;https:\/\/www.funhogar.org\/wp-content\/uploads\/2023\/06\/CERTIFICADO-DE-ANTECEDENTES-2022.pdf&#8221; sticky_enabled=&#8221;0&#8243; link_option_url_new_window=&#8221;on&#8221;][et_pb_icon font_icon=&#8221;&#xf516;||fa||900&#8243; icon_color=&#8221;#ff5733&#8243; font_icon_tablet=&#8221;\uf516||fa||900&#8243; font_icon_phone=&#8221;\uf516||fa||900&#8243; font_icon_last_edited=&#8221;on|desktop&#8221; _builder_version=&#8221;4.21.0&#8243; _module_preset=&#8221;default&#8221; global_colors_info=&#8221;{}&#8221;][\/et_pb_icon][et_pb_text _builder_version=&#8221;4.21.0&#8243; _module_preset=&#8221;default&#8221; text_font=&#8221;|||on|||||&#8221; text_orientation=&#8221;center&#8221; global_colors_info=&#8221;{}&#8221;]<\/p>\n<h2><strong>Certificado de antecedentes judiciales<\/strong><\/h2>\n<p>[\/et_pb_text][\/et_pb_column][et_pb_column type=&#8221;1_4&#8243; _builder_version=&#8221;4.21.0&#8243; _module_preset=&#8221;default&#8221; hover_enabled=&#8221;0&#8243; border_radii=&#8221;on|10px|10px|10px|10px&#8221; border_width_all=&#8221;2px&#8221; border_color_all=&#8221;#000000&#8243; global_colors_info=&#8221;{}&#8221; sticky_enabled=&#8221;0&#8243; link_option_url=&#8221;https:\/\/www.funhogar.org\/wp-content\/uploads\/2023\/06\/CERTIFICADO-DE-NO-REMUNERACION-2022.pdf&#8221; link_option_url_new_window=&#8221;on&#8221;][et_pb_icon font_icon=&#8221;&#xe073;||fa||900&#8243; icon_color=&#8221;#ff5733&#8243; font_icon_tablet=&#8221;\ue073||fa||900&#8243; font_icon_phone=&#8221;\ue073||fa||900&#8243; font_icon_last_edited=&#8221;on|desktop&#8221; _builder_version=&#8221;4.21.0&#8243; _module_preset=&#8221;default&#8221; global_colors_info=&#8221;{}&#8221;][\/et_pb_icon][et_pb_text _builder_version=&#8221;4.21.0&#8243; _module_preset=&#8221;default&#8221; text_font=&#8221;|||on|||||&#8221; text_orientation=&#8221;center&#8221; width=&#8221;100%&#8221; global_colors_info=&#8221;{}&#8221;]<\/p>\n<h2><strong>Certificado de no remuneraci\u00f3n<\/strong><\/h2>\n<p>[\/et_pb_text][\/et_pb_column][et_pb_column type=&#8221;1_4&#8243; _builder_version=&#8221;4.21.0&#8243; _module_preset=&#8221;default&#8221; hover_enabled=&#8221;0&#8243; border_radii=&#8221;on|10px|10px|10px|10px&#8221; border_width_all=&#8221;2px&#8221; border_color_all=&#8221;#000000&#8243; global_colors_info=&#8221;{}&#8221; link_option_url=&#8221;https:\/\/www.funhogar.org\/wp-content\/uploads\/2023\/06\/CERTIFICADO-DE-CUMPLIMIENTO-DE-REQUISITOS-2022.pdf&#8221; sticky_enabled=&#8221;0&#8243; link_option_url_new_window=&#8221;on&#8221;][et_pb_icon font_icon=&#8221;&#xe0e6;||divi||400&#8243; icon_color=&#8221;#ff5733&#8243; font_icon_tablet=&#8221;\ue0e6||divi||400&#8243; font_icon_phone=&#8221;\ue0e6||divi||400&#8243; font_icon_last_edited=&#8221;on|desktop&#8221; _builder_version=&#8221;4.21.0&#8243; _module_preset=&#8221;default&#8221; global_colors_info=&#8221;{}&#8221;][\/et_pb_icon][et_pb_text _builder_version=&#8221;4.21.0&#8243; _module_preset=&#8221;default&#8221; text_font=&#8221;|||on|||||&#8221; text_orientation=&#8221;center&#8221; global_colors_info=&#8221;{}&#8221;]<\/p>\n<h2><strong>Certificado de requisitos<\/strong><\/h2>\n<p>[\/et_pb_text][\/et_pb_column][et_pb_column type=&#8221;1_4&#8243; _builder_version=&#8221;4.21.0&#8243; _module_preset=&#8221;default&#8221; hover_enabled=&#8221;0&#8243; border_radii=&#8221;on|10px|10px|10px|10px&#8221; border_width_all=&#8221;2px&#8221; border_color_all=&#8221;#000000&#8243; global_colors_info=&#8221;{}&#8221; link_option_url=&#8221;https:\/\/www.funhogar.org\/wp-content\/uploads\/2023\/06\/INFORMES-FINANCIEROS-FUNDACION-2022.pdf&#8221; sticky_enabled=&#8221;0&#8243; link_option_url_new_window=&#8221;on&#8221;][et_pb_icon font_icon=&#8221;&#xf571;||fa||900&#8243; icon_color=&#8221;#ff5733&#8243; font_icon_tablet=&#8221;\uf571||fa||900&#8243; font_icon_phone=&#8221;\uf571||fa||900&#8243; font_icon_last_edited=&#8221;on|desktop&#8221; _builder_version=&#8221;4.21.0&#8243; _module_preset=&#8221;default&#8221; global_colors_info=&#8221;{}&#8221;][\/et_pb_icon][et_pb_text _builder_version=&#8221;4.21.0&#8243; _module_preset=&#8221;default&#8221; text_font=&#8221;|||on|||||&#8221; text_orientation=&#8221;center&#8221; global_colors_info=&#8221;{}&#8221;]<\/p>\n<h2><strong>Estados financieros<\/strong><\/h2>\n<p>[\/et_pb_text][\/et_pb_column][\/et_pb_row][et_pb_row column_structure=&#8221;1_3,1_3,1_3&#8243; _builder_version=&#8221;4.21.0&#8243; _module_preset=&#8221;default&#8221; hover_enabled=&#8221;0&#8243; global_colors_info=&#8221;{}&#8221; sticky_enabled=&#8221;0&#8243;][et_pb_column type=&#8221;1_3&#8243; _builder_version=&#8221;4.21.0&#8243; _module_preset=&#8221;default&#8221; hover_enabled=&#8221;0&#8243; border_radii=&#8221;on|10px|10px|10px|10px&#8221; border_width_all=&#8221;2px&#8221; border_color_all=&#8221;#000000&#8243; global_colors_info=&#8221;{}&#8221; link_option_url_new_window=&#8221;on&#8221; link_option_url=&#8221;https:\/\/www.funhogar.org\/wp-content\/uploads\/2023\/06\/FORMATO-2530-2022.pdf&#8221; sticky_enabled=&#8221;0&#8243;][et_pb_icon font_icon=&#8221;&#xf15c;||fa||400&#8243; icon_color=&#8221;#ff5733&#8243; font_icon_tablet=&#8221;\uf15c||fa||400&#8243; font_icon_phone=&#8221;\uf15c||fa||400&#8243; font_icon_last_edited=&#8221;on|desktop&#8221; _builder_version=&#8221;4.21.0&#8243; _module_preset=&#8221;default&#8221; global_colors_info=&#8221;{}&#8221;][\/et_pb_icon][et_pb_text _builder_version=&#8221;4.21.0&#8243; _module_preset=&#8221;default&#8221; text_font=&#8221;|||on|||||&#8221; text_font_size=&#8221;18px&#8221; text_orientation=&#8221;center&#8221; global_colors_info=&#8221;{}&#8221;]<\/p>\n<h2><strong>Formato 2530<\/strong><\/h2>\n<p>[\/et_pb_text][\/et_pb_column][et_pb_column type=&#8221;1_3&#8243; _builder_version=&#8221;4.21.0&#8243; _module_preset=&#8221;default&#8221; hover_enabled=&#8221;0&#8243; border_radii=&#8221;on|10px|10px|10px|10px&#8221; border_width_all=&#8221;2px&#8221; border_color_all=&#8221;#000000&#8243; global_colors_info=&#8221;{}&#8221; link_option_url_new_window=&#8221;on&#8221; link_option_url=&#8221;https:\/\/www.funhogar.org\/wp-content\/uploads\/2023\/06\/FORMATO-2531-2022.pdf&#8221; sticky_enabled=&#8221;0&#8243;][et_pb_icon font_icon=&#8221;&#xf570;||fa||900&#8243; icon_color=&#8221;#ff5733&#8243; font_icon_tablet=&#8221;\uf570||fa||900&#8243; font_icon_phone=&#8221;\uf570||fa||900&#8243; font_icon_last_edited=&#8221;on|desktop&#8221; _builder_version=&#8221;4.21.0&#8243; _module_preset=&#8221;default&#8221; global_colors_info=&#8221;{}&#8221;][\/et_pb_icon][et_pb_text _builder_version=&#8221;4.21.0&#8243; _module_preset=&#8221;default&#8221; text_font=&#8221;|||on|||||&#8221; text_orientation=&#8221;center&#8221; global_colors_info=&#8221;{}&#8221;]<\/p>\n<h2><strong>Formato 2531<\/strong><\/h2>\n<p>[\/et_pb_text][\/et_pb_column][et_pb_column type=&#8221;1_3&#8243; _builder_version=&#8221;4.21.0&#8243; _module_preset=&#8221;default&#8221; hover_enabled=&#8221;0&#8243; border_radii=&#8221;on|10px|10px|10px|10px&#8221; border_width_all=&#8221;2px&#8221; border_color_all=&#8221;#000000&#8243; global_colors_info=&#8221;{}&#8221; link_option_url=&#8221;https:\/\/www.funhogar.org\/wp-content\/uploads\/2023\/06\/FORMATO-2533-2022.pdf&#8221; link_option_url_new_window=&#8221;on&#8221; sticky_enabled=&#8221;0&#8243;][et_pb_icon font_icon=&#8221;&#xf15c;||fa||900&#8243; icon_color=&#8221;#ff5733&#8243; font_icon_tablet=&#8221;\uf15c||fa||900&#8243; font_icon_phone=&#8221;\uf15c||fa||900&#8243; font_icon_last_edited=&#8221;on|desktop&#8221; _builder_version=&#8221;4.21.0&#8243; _module_preset=&#8221;default&#8221; global_colors_info=&#8221;{}&#8221;][\/et_pb_icon][et_pb_text _builder_version=&#8221;4.21.0&#8243; _module_preset=&#8221;default&#8221; text_font=&#8221;|||on|||||&#8221; text_orientation=&#8221;center&#8221; global_colors_info=&#8221;{}&#8221;]<\/p>\n<h2><strong>Formato 2533<\/strong><\/h2>\n<p>[\/et_pb_text][\/et_pb_column][\/et_pb_row][\/et_pb_section]<\/p>\n","protected":false},"excerpt":{"rendered":"<p>Regimen Tributario Especial 2022 Aqui podr\u00e1 ver todos los documentos correspondientes seg\u00fan lo estipula la leyCertificado de antecedentes judicialesCertificado de no remuneraci\u00f3nCertificado de requisitosEstados financierosFormato 2530Formato 2531Formato 2533<\/p>\n","protected":false},"author":1,"featured_media":0,"parent":0,"menu_order":0,"comment_status":"closed","ping_status":"closed","template":"","meta":{"_et_pb_use_builder":"on","_et_pb_old_content":"","_et_gb_content_width":"","footnotes":""},"class_list":["post-229733","page","type-page","status-publish","hentry"],"_links":{"self":[{"href":"https:\/\/www.funhogar.org\/index.php\/wp-json\/wp\/v2\/pages\/229733","targetHints":{"allow":["GET"]}}],"collection":[{"href":"https:\/\/www.funhogar.org\/index.php\/wp-json\/wp\/v2\/pages"}],"about":[{"href":"https:\/\/www.funhogar.org\/index.php\/wp-json\/wp\/v2\/types\/page"}],"author":[{"embeddable":true,"href":"https:\/\/www.funhogar.org\/index.php\/wp-json\/wp\/v2\/users\/1"}],"replies":[{"embeddable":true,"href":"https:\/\/www.funhogar.org\/index.php\/wp-json\/wp\/v2\/comments?post=229733"}],"version-history":[{"count":5,"href":"https:\/\/www.funhogar.org\/index.php\/wp-json\/wp\/v2\/pages\/229733\/revisions"}],"predecessor-version":[{"id":229739,"href":"https:\/\/www.funhogar.org\/index.php\/wp-json\/wp\/v2\/pages\/229733\/revisions\/229739"}],"wp:attachment":[{"href":"https:\/\/www.funhogar.org\/index.php\/wp-json\/wp\/v2\/media?parent=229733"}],"curies":[{"name":"wp","href":"https:\/\/api.w.org\/{rel}","templated":true}]}}